-351 + 276. List the prime factors of (d/2)/((-132)/880).
2, 5
Let g(x) = -2*x**2 - 44*x + 44. Let c be g(-23). Let a(f) = 29*f**2 + 3 - 3*f - f + 6 + 6*f. List the prime factors of a(c).
11
Suppose 14 = -15*f + 22*f. Suppose 4*v + 219 = f*w - 127, -w + 173 = 3*v. List the prime factors of w.
173
Let r(h) = 55*h**2 + 36*h + 915. What are the prime factors of r(-24)?
3, 7, 1511
Suppose 236*x - 10 = 241*x. Let n(o) = -82*o**3 - 7*o**2 - 4*o + 2. What are the prime factors of n(x)?
2, 11, 29
Let c(r) be the first derivative of 46*r**3/3 + 5*r**2/2 + 5*r - 43. What are the prime factors of c(-1)?
2, 23
Let s(y) = y**3 - 11*y**2 + 17*y + 11. Let u be s(9). Suppose u*l - 3*x = 16, -4*x - 10 = -l - 3*x. What are the prime factors of l?
2, 7
What are the prime factors of ((-576)/(-320) + (-1)/(-5))*14357?
2, 7, 293
Suppose 14491 = 5*g - 3*w - 12187, 0 = g + 5*w - 5330. Suppose 5*y + g = 5*s, -14*y = -3*s - 13*y + 3203. What are the prime factors of s?
2, 3, 89
Let k(a) = -a**3 - 2*a**2 + 10*a - 5. Let m be k(2). Let t(w) = -364*w + 13. List the prime factors of t(m).
13, 29
Let n be 1/((-2)/(-3)*12/(-8)). Let i(r) = -120*r - 11. List the prime factors of i(n).
109
Let t(g) = -g**2 - 18*g + 14. Let p be t(-22). Let l = 76 + p. List the prime factors of (6/l)/(-21 - -22).
3
Let v(d) = 8*d - 31. Let w(i) = -2*i + 1. Let b be w(-3). Let g be v(b). Let s = g - -11. What are the prime factors of s?
2, 3
Let j(z) = z**3 + 26*z**2 - 87*z. Let q be j(-29). Suppose -3*o - 873 = 3*a - 3423, -4*o - a + 3400 = q. List the prime factors of o.
2, 5, 17
Let c be (-10)/(((-21)/476)/((-9)/(-6))). Suppose -3*d - 1129 = -2*l, 0 = -l + 3*d + 232 + c. What are the prime factors of l?
557
Suppose 40*x - 35*x + 10 = 2*k, 3*x - 4*k = -6. List the prime factors of 5/((-10)/3092)*x/4.
773
Let a(s) = 28*s**2 + 22*s - 3. What are the prime factors of a(-9)?
3, 13, 53
Suppose -3*q + 3 = 2*l - 7, 2*l = 3*q + 10. Suppose q = v - 3*b - 75, -v + 41 = 2*b - 29. What are the prime factors of v?
2, 3
Let w = -23 + 25. Suppose 0 = 3*a + w*a - 260. List the prime factors of (-1)/4 - (-2093)/a.
2, 5
Let h be 1/4 - 5/((-120)/6426). Suppose d + 155 = h. Let t = 262 - d. What are the prime factors of t?
149
Suppose -510632 = -71*v + 601796. List the prime factors of v.
2, 3917
Let h(v) = -v**2 - 12*v - 27. Let z be h(-9). Suppose z = 26*a - a - 8400. What are the prime factors of a?
2, 3, 7
Let h = 4 + 0. Suppose 3*s - h*s = -39. List the prime factors of s.
3, 13
Let g be (-4)/14 - (-8)/28. Suppose -4*w + 3*a = 9 - 12, 3*a + 3 = -w. Suppose m - 5 + w = g. What are the prime factors of m?
5
Suppose -56*w = -2805324 + 337796. List the prime factors of w.
139, 317
Suppose 0 = 8*s + 11 - 35. Suppose -231 = -s*i + 2307. What are the prime factors of i?
2, 3, 47
Suppose -4*c - 13 + 1 = 0. Let u be -135*(1/c + 0). What are the prime factors of (u/20*4)/(3/10)?
2, 3, 5
Let d = -65643 - -98197. What are the prime factors of d?
2, 41, 397
Let a(q) = -57*q - 93. Let x(b) = 19*b + 31. Let l(m) = 2*a(m) + 7*x(m). Let r(g) = g + 20. Let h be r(-14). What are the prime factors of l(h)?
5, 29
Let l = 2882 - -7447. List the prime factors of l.
3, 11, 313
Let s = 525 - 179. Suppose -5*o + 147 = -0*z + z, 3*o + s = 2*z. Let r = -62 + z. What are the prime factors of r?
3, 5, 7
Let s(p) = -p**3 - 7*p**2 - 12*p - 14. Let v be s(-6). Suppose -3576 = v*x - 28*x. Suppose 2*b + 4*q - 458 = -b, 2*q = 4*b - x. What are the prime factors of b?
2, 3, 5
List the prime factors of 3557 + (-8 - 3) + -8.
2, 29, 61
Let x(h) be the third derivative of h**5/60 + h**4/4 - 2*h**3/3 + 25*h**2. Let i be x(-7). What are the prime factors of (2 - i)*(1 - 116 - -2)?
113
Let t = 10568 - 4054. What are the prime factors of t?
2, 3257
Let i = -183 + 210. Let s(g) = g**3 - 27*g**2 + g + 81. List the prime factors of s(i).
2, 3
Let l(o) = -o**3 - 24*o**2 + o - 12. Let x be l(-24). List the prime factors of -3 + 1922/8 - (-9)/x.
3, 79
Suppose 0 = -d - 3*q + 17125 + 48466, 4*d + q = 262309. What are the prime factors of d?
2, 7, 1171
Suppose 347 = 2*z + 13. Suppose -v + 78 = -z. Let u = v - 66. What are the prime factors of u?
179
Let c be (11 + -13)/((-4)/14). Suppose 6492 - 1774 = c*t. What are the prime factors of t?
2, 337
Suppose -29780 = -3*t + 4*i, 0 = 4*t + 135*i - 133*i - 39758. List the prime factors of t.
2, 3, 23
Suppose 124083 = 34*f - 16099. What are the prime factors of f?
7, 19, 31
Let a be 3*7/3 + (-8 - -4). Suppose a*t = -2*n + 7*n - 1615, 5*t = n - 345. List the prime factors of n.
2, 5
Let l(i) be the first derivative of i**4/4 - i**3/3 - i + 40. Let y = 17 - 15. List the prime factors of l(y).
3
Suppose 1369 = 9*j - 2609. What are the prime factors of (-7 - -3) + (1 - 1) + j?
2, 3, 73
Suppose -25*p - 68*p + 1161984 = 3*p. List the prime factors of p.
2, 17, 89
Let f be (102/(-12))/((-2)/4). Suppose 0 = f*v - 7*v - 90. Suppose -v*z - 76 = -229. What are the prime factors of z?
17
Suppose -16*p = -4*u - 15*p - 32, 0 = u - 3*p + 8. List the prime factors of ((-4918)/3)/(-2) - u/6.
821
Let z be 4/2 - 7436/4. What are the prime factors of 26/(-13)*z/6?
619
Suppose 5*s = 4847 + 488. Let v = 1694 - s. What are the prime factors of v?
3, 11, 19
What are the prime factors of 12 - 23 - (-4 + 0 + -28600)?
3, 353
Let y(s) = 349*s**2 - s + 2. Let f(u) = u**3 + 3*u**2 - 12*u - 9. Let i be f(-5). List the prime factors of y(i).
2, 5, 7
Suppose -691 = 2*a - i, 0 = -a - 4*i + 3*i - 347. What are the prime factors of (a*(-10)/(-20))/(0 - 1)?
173
List the prime factors of (6884/6)/(50/3600).
2, 3, 1721
Let p(l) = l**3 - 14*l**2 - 2*l + 31. Let s be p(14). Let m(z) = 59*z - 21. What are the prime factors of m(s)?
2, 3, 13
Let q(r) = 89*r**2 - 34*r - 1013. What are the prime factors of q(-22)?
31, 1381
Suppose -4*a - 124 = u, a + 28 + 14 = -3*u. Suppose 4*k - 244 = 2*k. Let p = k + a. What are the prime factors of p?
2, 23
Suppose 4400 = 4*n - 0*n. Let j = 11273 - 11273. Suppose j*d = -4*d + n. What are the prime factors of d?
5, 11
Let k(o) be the second derivative of 3/2*o**3 + 0 - 4*o**2 - 14*o. List the prime factors of k(12).
2, 5
Let i = -89 + 45. Let n = i - -42. List the prime factors of -3*(n + (-27 - -4)).
3, 5
Let t(y) = y**2 + 3*y - 9. Suppose 2*c + 4*f = -6, 3*f + 12 - 46 = 4*c. Let x be t(c). Let u = x + -5. List the prime factors of u.
2, 7
Let u(j) = -3*j**2 + 40*j - 126. Let q(t) = 2*t**2 - 38*t + 125. Let g(h) = 4*q(h) + 3*u(h). What are the prime factors of g(-34)?
2, 3
Let g(k) = 2845*k + 5868. List the prime factors of g(19).
31, 1933
Let b(l) = 91*l**2 - 41*l - 52. Let y(o) = 22*o**2 - 10*o - 13. Let c(r) = -2*b(r) + 9*y(r). List the prime factors of c(-6).
13, 47
Let p = -2 - 16. Let k(z) = z**3 + 6*z**2 + 3*z + 2. Let n be k(-7). What are the prime factors of (-9)/(p/(-4)) - n?
2, 3, 11
Let m = 158 - -14684. What are the prime factors of m?
2, 41, 181
Let x(s) = 26*s**3 + s**2 - 3*s + 2. Let d be x(1). Suppose 9*l = 8*l + d. What are the prime factors of l?
2, 13
Suppose 5*q + 3*y - 128 = q, 4*y + 32 = q. Suppose q*b - 60 = 27*b. Let p = 81 + b. List the prime factors of p.
3, 31
Let a(u) = 1770*u - 165. List the prime factors of a(7).
3, 5, 163
Let p(f) be the third derivative of f**4/24 + 8*f**3/3 + 5*f**2. Let b be p(-13). Suppose 66 = b*w - w. List the prime factors of w.
3, 11
Suppose -15*l = 43*l - 636642 + 252682. What are the prime factors of l?
2, 5, 331
Let c(p) = -2*p**2 - 6*p - 14. Let y be c(6). Let g = y - -161. List the prime factors of g.
3, 13
Suppose 5*f + 4*m = -0*f + 2638, -1605 = -3*f + 5*m. Let p be f/20*(-6)/1. List the prime factors of (10/30)/((-1)/p).
53
Suppose 3*s - 445 = 5*x, -3*s - 7*x + 441 = -10*x. Let c = -66 + s. Let z = c + 52. What are the prime factors of z?
131
Suppose -3 - 19 = t. Let x be 11/t - (-153)/(-2). List the prime factors of x/14*(-48 - 2).
5, 11
Let h be ((-7)/(-3) - 3)/((-2)/6). Suppose -h*o + 543 = 133. Suppose 5*f + 5*d - 250 = o, 0 = 2*d - 4. List the prime factors of f.
89
Let w(g) = g + 65. Let j be w(25). Suppose 95*l = j*l + 725. What are the prime factors of l?
5, 29
What are the prime factors of 8481 - (48/22 + (-110)/605)?
61, 139
Suppose 82*d - 207138 = 44*d. What are the prime factors of d?
3, 23, 79
Let n(w) be the second derivative of -w**5/20 - 23*w